ts digit of z(3)?
6
Let i = 53 - 106. Let f = 193 + i. What is the hundreds digit of f?
1
Let g(y) = -3*y - 5. Let u(f) = 6*f + 10. Let b(x) = -5*g(x) - 3*u(x). Let d be b(-10). Suppose t + 2 = d. What is the tens digit of t?
2
What is the tens digit of 5/(-8)*-1028*6/5?
7
Suppose 0 = -4*o + 1 - 5. Let r be 36 - (3 + o + 0). Let p = r - 21. What is the units digit of p?
3
Let m(u) = 105*u + 600. What is the tens digit of m(16)?
8
Let t be 7/(-21) + 8/(-3). Let i = 8 + t. Suppose 0 = -c + i*c - 12. What is the units digit of c?
3
Let r = 726 - 503. What is the hundreds digit of r?
2
Suppose 455*w = 452*w - 6, 4*y + 4*w = 4544. What is the units digit of y?
8
Let y(z) = -4*z**2 + 107*z + 2. What is the units digit of y(6)?
0
Let r = -20 - -22. Suppose -r*k = 6*k + 416. Let h = 115 + k. What is the units digit of h?
3
Let t = -381 + 720. What is the hundreds digit of t?
3
Suppose -5*v - 76 = -h - 18, -3*v + 42 = h. What is the units digit of h?
8
Suppose 3*s - 2 = -0*u - 2*u, 4*u = 4*s + 24. Let a = s + 72. What is the units digit of a?
0
Let r be 54/2*5/(-5). Let c = r - -17. Let d = c - -25. What is the units digit of d?
5
Let i(r) be the third derivative of -r**6/15 + r**5/60 + r**4/24 + r**3/3 - 4*r**2. Let b be i(-2). What is the units digit of b*((-27)/(-12) - 2)?
7
Let q = 59 - 92. What is the tens digit of 11/q + (-165)/(-9)?
1
Let b(z) = z**3 - 7*z**2 + 7*z + 29. Let y(g) = 2*g**3 - 14*g**2 + 15*g + 57. Let x(h) = -11*b(h) + 6*y(h). What is the units digit of x(7)?
4
Suppose -47 = -5*z + 53. Let d(i) = 42 - 7*i - 21 - z. What is the units digit of d(-1)?
8
Let s(i) = -3*i + 3. Let k be s(5). Let d = k - -16. What is the units digit of 3/(-6) - (-42)/d?
0
Let p(d) = 6*d**2 - 11*d + 16. Let w(t) = -t**3 + 15*t**2 - 25*t - 7. Let q be w(13). What is the hundreds digit of p(q)?
1
Suppose -3*v - 14*v + 23222 = 0. What is the tens digit of v?
6
Let a(t) be the third derivative of 13*t**4/24 - 10*t**3/3 + 7*t**2. What is the units digit of a(7)?
1
Suppose -4 - 1 = -4*i - m, -2*i - 4*m = -20. Suppose i = -c + 3*g - 0*g - 6, 4*c - 4*g = 0. What is the units digit of c?
3
Let v(f) = f**2 - 2. Let i be v(-2). Suppose 3*u - 25 = -4. Suppose -3*a - 36 = -u*a - 4*z, 0 = i*a - 2*z - 14. What is the units digit of a?
8
Let c be (-1 - -36)*(-32)/(-20). Let g = c - 24. What is the units digit of g?
2
Let g(s) = 6*s**3 - 94*s**2 + s - 9. What is the units digit of g(16)?
9
Suppose 86 + 65 = 4*t + 3*n, -2*t - 4*n = -68. Let h = 36 + t. What is the units digit of h?
6
Let b be (1313/26)/(1/2). Suppose 0 = -b*y + 99*y + 38. What is the tens digit of y?
1
Let t(v) = -16*v + 2. Let p be t(-8). Suppose -440 = -5*c - p. Let g = c + -40. What is the tens digit of g?
2
Suppose 0 = 5*f - 205 + 55. Suppose f*v - 38*v + 752 = 0. What is the units digit of v?
4
Let y = 28 + -22. What is the tens digit of (-4)/(-12)*y - -34?
3
Let p be 0 + (-1)/(1/(-1)). Suppose s - p = 5. Suppose -s*t = -236 + 56. What is the units digit of t?
0
Suppose -30 = -4*k + 2*v, 5*k + v = -3*v + 5. Suppose 2*u + 2*g = 11 + 57, 176 = k*u + 2*g. What is the units digit of u?
6
Let h(l) = -473*l**3 - 2*l**2 - l + 1. What is the units digit of h(-1)?
3
Let i(p) = p + 21. Let r be i(-15). Suppose 0 = -r*z + 682 - 166. What is the units digit of z?
6
Suppose -2*q = -60*i + 63*i - 765, -5*q + 5*i + 1950 = 0. What is the units digit of q?
7
Let c be 30/(7 + -2)*(-1)/(-2). Suppose c*k + k = 4*r - 740, -5*r - 2*k + 925 = 0. What is the tens digit of r?
8
Let z(x) = 6*x**2 + x + 2. Let c(r) = -r**2 - r. Let w(o) = 4*c(o) + z(o). Suppose -31*v = -22*v - 18. What is the units digit of w(v)?
4
What is the hundreds digit of 7118/8 + 75/(-100)?
8
Let y be 1/(-1) - 1/1. Let t be y/10 + 110/50. Suppose -h + t*f = -28, 3*h + f - 24 - 25 = 0. What is the units digit of h?
8
Suppose m = 5, 2*q + 4*m = -0*m + 214. What is the tens digit of q?
9
What is the hundreds digit of -2 - (-569 - (1 + 3))?
5
Let h(r) = -r**2 - 5*r + 11. Let d be h(-6). Suppose -v + 68 = -d*v. What is the units digit of 2 + 1 - (v - 1)?
1
Let v = 25 + -24. What is the tens digit of (-14 + v)/(2/(-6))?
3
What is the hundreds digit of 1645/2 - (-12)/(-24)?
8
Let r be 8/14 - 224/49. What is the units digit of (r - -6)*(-2 + 5)?
6
Let q(w) = -1 + w**3 + w**2 - 8*w - 9*w - 5*w + 17*w. What is the tens digit of q(5)?
2
Suppose 134 = -5*i - 0*i - 3*k, -4*i + 4*k - 88 = 0. Let m = i - -27. Suppose 3*h - 2*b = 1, -m*h + b + 0*b = -1. What is the units digit of h?
1
Let q(d) = d**3 + 12*d**2 + 11*d + 12. Let v be 4/(-26) - 2/(-13). Suppose v = -2*c + 6, -3*c = 2*l + c + 10. What is the tens digit of q(l)?
1
Let k(o) = 100*o**3 - 12*o + 13. What is the units digit of k(2)?
9
What is the units digit of 59150/42 + 1 + 4/(-12)?
9
What is the hundreds digit of (-26140)/(-25) - 32/(-80)?
0
Let v be ((-8)/10)/((-12)/90). What is the units digit of 480/(-8)*((-20)/v + 0)?
0
Let b(c) = -c**3 + 31*c**2 - 70*c - 31. What is the units digit of b(28)?
1
Suppose -5*y + v + 13816 = 0, 3*y - 8288 = -50*v + 51*v. What is the thousands digit of y?
2
Let z be 1164/(-8)*(-4 + (-1 - -3)). Let u = z + -128. What is the hundreds digit of u?
1
Let d = -7 - -7. Suppose -o - 530 = -5*y, 2*y - 2*o = -d*y + 204. What is the hundreds digit of y?
1
Suppose 171*k - 164*k = 5306. What is the units digit of k?
8
Let d be ((-4)/(-20))/((-1)/(-25)). Suppose d*f - 3 = 2*f. What is the units digit of f?
1
Let z(q) = 124*q - 200. What is the units digit of z(18)?
2
Let x(d) = 7*d**2 + 2*d + 9. Let q be x(4). What is the units digit of q - (-3 - 0*(-3)/12)?
2
Let f(r) = -6*r - 1. Let q be f(1). Let t = q + 45. What is the units digit of t + 8/(-5 - -1)?
6
Suppose -64*p - 201 = -67*p. Suppose -3*l = -4*l - 29. Let i = l + p. What is the units digit of i?
8
Let m be (-7)/(-7)*(0 - -1). What is the tens digit of 24*(5/2 - m)?
3
Suppose 5*j - 1714 + 239 = 0. What is the units digit of ((-20)/(-50))/((-294)/j - -1)?
8
Let q(o) = 5*o + 14. Suppose 26 + 4 = 4*d + 2*r, -36 = -5*d - 2*r. Let k be d*(6/1 - 4). What is the units digit of q(k)?
4
What is the tens digit of (-1581)/(-4) - (-7)/(-28)?
9
Let l(m) = m**3 + 20*m**2 - 15*m - 11. What is the units digit of l(-6)?
3
Let b(h) = -69*h + 119. What is the hundreds digit of b(0)?
1
Suppose -o + 800*g = 795*g - 1318, 0 = -2*o - 2*g + 2648. What is the units digit of o?
3
Let h(r) = -55*r - 25. Suppose 0*v = -2*v - 6, 4*v = 4*d. What is the tens digit of h(d)?
4
Suppose -1504 = -l + 3*f, 2*f + 4491 = 2*l + l. What is the hundreds digit of l?
4
Let t(h) = h**3 - 10*h**2 + 2*h - 3. Suppose -3*s + 0*s = -2*j - 38, 3*s = 3*j + 54. Let o = j + 26. What is the tens digit of t(o)?
1
What is the thousands digit of ((-56)/(-6))/(138/15111)?
1
Let i(r) = r**3 + r. Let t(y) = 2*y**3 - 17*y**2 - 11*y - 21. Let u(a) = -i(a) + t(a). What is the units digit of u(18)?
7
Let z(l) = l**2 + 7*l + 7. Let u be (0 + 0)/(3 + -1). Let i(v) = v**2 + 4. Let r be i(u). What is the units digit of z(r)?
1
Suppose -3*s - 29 = -4*i + 193, -2*i + 3*s = -114. Suppose -3*m + i = 4*t, -3*m = -m + 3*t - 37. What is the tens digit of m?
1
Let h = 9 + -6. Suppose 2*d + d - h*c - 15 = 0, d = 3*c + 3. What is the units digit of d?
6
Let m(u) = u**3 - 18*u**2 + 2*u - 23. Let v be m(18). Suppose -11*s - 20 = -v*s. What is the tens digit of s?
1
Suppose -3*b + 744 = 5*b. Suppose -o - b = -2*o. What is the units digit of o?
3
Suppose 0 = -5*t - 5*s + 1295, 3*t - 394 = 2*s + 378. What is the hundreds digit of t?
2
Suppose 66 + 12 = 3*j. Suppose i = 2*n - 32, 0*n - 2*i = 2*n - j. Let u = -14 + n. What is the units digit of u?
1
Let g be (-30)/(-80) - (-74)/16. Suppose 350 = g*x + 2*a - 5*a, -3*x = -3*a - 210. What is the tens digit of x?
7
Suppose -6*l = -4*l + 510. Let s = -150 - l. What is the units digit of s?
5
Let j = 200 - -104. What is the units digit of j?
4
Suppose 5*a + 95 = 1685. What is the tens digit of a?
1
Let p be 6/2 - (-2 - -3). Suppose 2*k - 40 = -p*k. Let c = -4 + k. What is the units digit of c?
6
Let i = -32 - -32. What is the units digit of (1 - i)/((-8)/(-416))?
2
What is the units digit of 18590/50 - 20/25?
1
Suppose -l - 12088 = -5*g, 81*g + 7254 = 84*g - l. What is the tens digit of g?
1
Suppose 0 = -6*f + 15 + 15. Suppose 0 = -f*p + 3*t + 2*t + 135, -p = -3*t - 33